1*j + 0*j**2 - 1/120*j**5. Let w(l) be the second derivative of t(l). Calculate w(3).
-6
Let p(w) = 3*w**3 - 269*w - 272*w - 273*w + 813*w - 8*w**3. Let t(j) = j**2. Let x be t(1). Give p(x).
-6
Suppose z + 2*l = -1, -2*z + 1 = 3*l - 2. Let s = z + -9. Let i(b) = 102 - 301 + b + 97 + 101. Calculate i(s).
-1
Let w be 4 + (-7 - -2 - -6). Suppose 0 = g + w*z + 13, g + 0*z + 4*z = -11. Let y(r) = r**3 - 4*r - 1. Calculate y(g).
-16
Let y(l) = l**2 + 6*l - 4. Let u = -619 - -664. Let r = -53 + u. What is y(r)?
12
Let c(j) be the third derivative of 1/3*j**3 - 2*j**2 + 0*j + 1/4*j**4 + 16. What is c(5)?
32
Let c be 39/15 - 12/20. Let w(p) be the third derivative of p**5/60 - p**4/12 + p**3/2 - 75*p**2. Calculate w(c).
3
Let p(y) = 13*y + 23. Let q(x) = -20 + 6 + 3 - 12*x - 12. Let a(n) = -5*p(n) - 6*q(n). Let m(d) = -3*d - 11. Let o(g) = -4*a(g) - 9*m(g). Determine o(-5).
12
Let p = -61/294 + 51/49. Let s(u) be the third derivative of 0*u + 0 - 1/60*u**5 - p*u**3 + 23*u**2 - 1/4*u**4. What is s(-6)?
-5
Suppose -321 = -3*o + 4*o. Let b = o + 319. Let m(x) = -4*x + 2. Calculate m(b).
10
Let l be (-1)/6 - 248/(-48). Let h be (66/55)/(0 - (-3)/l). Let w(x) = x**2 - 1. Give w(h).
3
Let d(t) = -3*t**2 - t - 2. Let s(g) = 14*g**2 + 8*g + 10. Let a(w) = -3*d(w) - s(w). Give a(-3).
-34
Let y(i) be the third derivative of i**4/24 - 2*i**3/3 - 2*i**2 + 127*i. Suppose -b + 3*n = b + 1, 4*b - 7 = -3*n. Let k = b + 3. Calculate y(k).
0
Let z(h) be the third derivative of h**5/20 + h**4/6 - 17*h**3/3 + 1358*h**2 - 2*h - 1. Calculate z(3).
5
Let v(i) = 2*i**2 - 20*i - 32. Let f be v(11). Let y be f/(-4) - (-3)/(-6) - 5. Let t(q) = 2*q**3 + 3*q**2 - 2*q - 2. Calculate t(y).
-23
Suppose 0 = -5*r - 0*x + 3*x + 86, 4*r - 70 = 3*x. Let q(i) = 6*i - 11. What is q(r)?
85
Let p = -6970 - -6972. Let s(l) be the second derivative of -1/2*l**p + 0 - 10*l + 5/6*l**3. What is s(1)?
4
Suppose 5 + 34 = 13*n. Suppose 61 = n*r + 5*g, 2*r - 4*r + 2*g = -14. Let p(u) be the first derivative of u**2/2 - 17*u - 41. Determine p(r).
-5
Let p be (5 - 273/15)/(2/10). Let j = 82 + p. Let z be ((-1)/((-20)/j))/((-2)/(-5)). Let h(b) = 2*b**2 - 2*b. Give h(z).
4
Let n(k) = 4*k**2 - k + 11. Let v(m) = -4*m**2 + 2*m - 2. Let y(o) = n(o) + 2*v(o). What is y(5)?
-78
Let v be 1/3 + (-22)/3. Let s(t) = -5*t - 59. Let a be s(-13). Let d(f) = a*f - f - 6*f - 1. Determine d(v).
6
Suppose 0*a + a - 2*r + 8 = 0, -4*a = 3*r - 1. Let b(l) = -4*l**3 - 4*l**2 + l + 6. Determine b(a).
20
Suppose 0 = -161*s + 162*s + 284. Let b = -277 - s. Let k(g) = g**2 - 6*g - 12. Give k(b).
-5
Let y(g) be the third derivative of 41*g**5/60 - 3581*g**2 - g + 1. Determine y(-1).
41
Let f(j) = -301 - 7 + 5*j + 55 + 45. Give f(45).
17
Let s(t) be the second derivative of 5/2*t**2 - 53 - 2*t - 2/3*t**3. Give s(2).
-3
Let c(r) = r**2 - 18*r - 16. Let s be c(19). Let u(d) = -s - 6588*d + 6587*d - 7. Determine u(-5).
-5
Suppose 174 = -2*k + 166, -2*v + 2*k - 14 = 0. Let f(u) = -u**2 - 12*u - 17. Give f(v).
-6
Let h(b) = -b**2 + 14*b - 17. Let v be ((-148)/16 - -9)*-44. What is h(v)?
16
Let m(s) = -4*s + 4 - 4*s - 2*s + 3*s. Let g be (-1)/(14/6) - (-14280)/5880. What is m(g)?
-10
Let d(s) be the third derivative of -1/12*s**5 - 7/24*s**4 - 1/2*s**3 + 0*s + 1/120*s**6 + 0 - 161*s**2. Determine d(6).
-9
Let t be (-28)/(-49) + -1 + 260/(-14). Let m be (9 - t/(-7)) + (-4)/14. Let v(j) = -j**3 + 7*j**2 - 6*j + 7. What is v(m)?
7
Let m(k) be the third derivative of k**5/60 - k**4/24 - k**3/3 + 14*k**2. Let w be 3/9*1 + (-485)/15. Let s be 8/(-36) + w/18. What is m(s)?
4
Suppose -18 = 2*p - 48. Let a(v) = -203 + 60 + 57 + 69 + v. What is a(p)?
-2
Let q(v) = 2*v**2 - 10. Let z(w) = 5*w**3 + 9*w**2 + 4*w - 54. Let h(p) = 5*q(p) - z(p). Determine h(1).
-4
Let h(u) be the third derivative of -u**6/120 - 19*u**5/60 - 5*u**4/6 - 6*u**3 + 2572*u**2. Give h(-18).
0
Suppose -m = -2*z - 6, z + 2 = -5*m + 3*z. Let i(o) be the second derivative of -o**4/3 - o**3/6 - o**2 + 236*o - 26. Calculate i(m).
-16
Suppose -2*m = 5*w + 12 - 1, -2*w + 2 = 0. Let p be -2 - m/2 - -2. Suppose -b + 0*b = -t, -t + 5*b - p = 0. Let o(a) = -a**3 + 2*a**2 - a. Determine o(t).
0
Let l(f) be the third derivative of f**4/8 - f**3/3 - 114*f**2. Calculate l(-1).
-5
Let z(w) = 7*w**2 - 3*w + 12. Let r(g) = -20*g**2 + 12*g - 36. Let a(j) = 3*r(j) + 8*z(j). Give a(5).
-52
Let w(t) = 6*t + 12. Let m(s) = -s**3 - 16*s**2 + 39*s + 54. Let z be m(-18). Give w(z).
12
Let a = 191 - 190. Let k(t) = -t**2 - a + t + 0*t - 2 - 4*t. Calculate k(-6).
-21
Let p(f) be the first derivative of f**5/20 - 3*f**4/4 + f**3/6 - 9*f**2/2 + 50*f + 14. Let m(a) be the first derivative of p(a). Give m(9).
0
Let b(a) = -8397 + 8449 + 0*a + 5*a - 4*a. Give b(-21).
31
Let c(w) = -10*w + 15*w - 6*w + 14 - 15. Let h be 2568/324 - 4/(-54). Give c(h).
-9
Let b(g) = 7*g - 20. Let h(r) = 8*r - 20. Let z(y) = -3*b(y) + 2*h(y). Let m = 2157 + -2155. Let a(n) = n - 5. Let o(l) = m*z(l) + 9*a(l). Calculate o(0).
-5
Let r(w) = -w - 5. Let z(s) = -7*s - 21. Let o(f) = -6*r(f) + z(f). Determine o(0).
9
Let n(d) = -17*d - 63. Let f(t) = -t**3 + 15*t**2 - 46*t + 256. Let q be f(13). Calculate n(q).
5
Let k(r) be the second derivative of r**4/12 + 3*r**2 - 5*r. Let n = -17974 - -17974. What is k(n)?
6
Let q(t) = -6 + 2*t + 2 - t. Suppose 0 = 6*u + 2897692 - 2897632. Calculate q(u).
-14
Let i(j) be the first derivative of -15 - 1/6*j**3 + 39*j - 3/2*j**2. Let t(a) be the first derivative of i(a). Determine t(-9).
6
Let p(q) = -5*q**3 - 9*q**2 + 4*q + 7. Suppose 19*l - 25 = 14*l. Let n(d) = 6*d**3 + 9*d**2 - 2*d - 6. Let g(z) = l*p(z) + 4*n(z). Calculate g(-10).
-9
Let f(r) = -r + 174*r**2 - 169*r**2 + r**3 - 3 + 4*r. Let p be (-119)/51 - 2/6*2. Calculate f(p).
6
Suppose 5*z + 0*z + 5*q = 0, 10 = 2*z - 3*q. Let p(l) = 17*l - z - 7 + 10. Give p(-2).
-33
Let r(v) be the second derivative of -5/3*v**3 + 1/12*v**4 - 1 + 6*v - 3*v**2. Give r(11).
5
Let y(v) = -v**2 + 14*v + 10. Let t(w) = -w**3 - 14*w**2 + 67*w - 76. Let j be t(-18). Give y(j).
10
Let k(y) = -y**3 + 7*y - 38. Let w(q) = -4*q**3 - q**2 + 22*q - 154. Let z(t) = -9*k(t) + 2*w(t). Determine z(5).
14
Let v(o) = 134*o. Let w(p) = 214*p. Let k(l) = -8*v(l) + 5*w(l). What is k(0)?
0
Let h be 13/6*(21 + (-702)/26). Let p(r) = -4*r**2 - 54*r - 18. What is p(h)?
8
Let w(y) = 14*y + 26*y**2 + y - 27*y**2 - 13 - 3*y. Let m be (-12)/9 - (-147)/9. Let g = 26 - m. Give w(g).
-2
Let k(q) = -q - 2. Let m = 689 - 376. Let c = m + -322. Determine k(c).
7
Suppose 7*w - 39 = 4*w - 60. Let q(r) = -4*r - 2. Let i be q(-2). Let h(d) = 12 + 5*d**2 - 4 - 7*d - i*d**2. Determine h(w).
8
Let c(p) = 11*p - 16. Let q(r) = -r + 7. Let f(n) = -c(n) - 4*q(n). Determine f(12).
-96
Let r(g) = 2*g - 2. Let f = 1 + 23. Suppose -26*u + f*u + 4 = 0. Suppose 3*k - p = -4*p - 3, 5*k = -u*p - 20. Give r(k).
-14
Suppose 20 = -0*u - 4*u. Let a(v) = v**2 - 3*v + 3. Let h(o) = 3*o**2 + 8*o - 5. Let l be h(-3). Let x(q) = -q**2 - q + 1. Let y(d) = l*x(d) - a(d). Give y(u).
-5
Let t(r) = -4*r**2 - 40*r - 97. Let w be t(-7). Let c(m) = -2*m + 42. Determine c(w).
68
Let i be (-2)/(6/(-63)*-42) + 7*1/(-2). Let r(b) = -b**2 - 3*b - 6*b + 0 - 3. Calculate r(i).
17
Let a be (-6)/(6/2) + 9 + -5. Suppose c = f - 1, 4*f + 6 = c - a*c. Let p(y) be the third derivative of y**5/20 - y**4/24 + y**2. Calculate p(f).
4
Let p(n) be the second derivative of -7*n**3/6 - 3*n**2/2 - 10*n + 1. Let s(c) = 2*c + 6 - 22*c - 16. Let b(w) = 7*p(w) - 2*s(w). Determine b(-1).
8
Let m(g) = 4*g + 13. Let f(s) = -5*s - 14. Let t(x) = 5*f(x) + 6*m(x). Suppose -290 = -444*n + 761 + 2057. Give t(n).
1
Let f = 14 + -8. Suppose -13*y - 7*y = 0. Let l(k) = 53 + 48 + 46 + 5*k - 140 - k**2 + y*k**2. Calculate l(f).
1
Let o(z) = -2*z + 1021. Let r(l) = -3*l + 1363. Let h(a) = 4*o(a) - 3*r(a). Determine h(12).
7
Let v(x) be the third derivative of x**5/6 + 23*x**4/12 + 5*x**3 + 3*x**2 + 3*x + 9. Give v(-4).
6
Let c(m) be the first derivative of 4*m**2 - 2*m - 4. Let w be ((-8)/(-7))/(((-1104)/84)/(-23)). Calculate c(w).
14
Suppose -7*h + 28 = -3*h. Let t(d) = 40*d + 24*d - 70*d + 10. Give t(h).
-32
Let k(l) = 29*l - 361. Let c(b) = -175*b + 2105. Let p(z) = -6*c(z) - 35*k(z). Calculate p(1).
40
Let t(i) = i**2 + i - 2. Let p(y) = -4*y**2 - 2*y 